factor of 3333 and 1648320?
303
What is the highest common factor of 1500 and 57700?
100
What is the greatest common factor of 285 and 7378555?
95
Calculate the highest common factor of 291210 and 8160.
510
Calculate the highest common factor of 308605 and 27280.
1705
What is the highest common factor of 1207 and 25276?
71
What is the greatest common factor of 45 and 32080?
5
What is the greatest common divisor of 254469 and 2439?
813
Calculate the highest common divisor of 1770 and 92550.
30
What is the greatest common factor of 52 and 437671?
13
Calculate the greatest common factor of 7620 and 660.
60
What is the greatest common factor of 516 and 232329?
129
What is the greatest common factor of 9 and 1481?
1
Calculate the greatest common factor of 196 and 159544.
196
Calculate the highest common factor of 716 and 1153834.
358
Calculate the highest common factor of 10880 and 378240.
640
What is the highest common factor of 3348 and 4557?
93
Calculate the highest common factor of 1326 and 89556.
102
Calculate the greatest common divisor of 15718 and 1044.
58
What is the greatest common factor of 13837 and 12878?
137
Calculate the greatest common divisor of 34181 and 28.
7
What is the greatest common factor of 185 and 75776?
37
Calculate the highest common factor of 7 and 305627.
7
Calculate the highest common factor of 162 and 320490.
54
What is the highest common divisor of 1377747 and 2394?
1197
What is the greatest common divisor of 75 and 3385?
5
What is the greatest common divisor of 13392 and 180?
36
Calculate the greatest common factor of 43 and 310159.
43
What is the highest common divisor of 859409 and 67?
67
What is the highest common factor of 226373 and 14?
7
Calculate the highest common factor of 100 and 418350.
50
What is the highest common factor of 989 and 5977?
43
What is the greatest common divisor of 76 and 324387?
19
Calculate the greatest common divisor of 23898 and 126.
42
What is the greatest common factor of 1349300 and 2884?
412
Calculate the greatest common factor of 60214 and 266.
14
Calculate the highest common divisor of 221 and 91663.
13
Calculate the greatest common factor of 2056742 and 5710.
1142
What is the highest common divisor of 126 and 18540?
18
Calculate the highest common factor of 7178 and 14393.
37
Calculate the greatest common factor of 282778 and 272.
34
Calculate the greatest common divisor of 3 and 311007.
3
Calculate the highest common divisor of 220 and 5188.
4
What is the highest common divisor of 145 and 1047393?
29
Calculate the highest common factor of 15 and 103485.
15
Calculate the greatest common divisor of 1676 and 644422.
838
What is the highest common factor of 1310 and 28?
2
Calculate the highest common divisor of 2436465 and 38.
19
Calculate the greatest common divisor of 2 and 260210.
2
What is the highest common factor of 79640 and 660?
220
Calculate the highest common factor of 2817 and 369.
9
Calculate the greatest common factor of 231 and 15477.
231
What is the highest common divisor of 1447154 and 38?
38
What is the greatest common factor of 116 and 1792751?
29
What is the greatest common divisor of 351943 and 589?
31
Calculate the greatest common divisor of 63 and 55368.
9
What is the greatest common factor of 352 and 6656?
32
Calculate the highest common divisor of 63018 and 47847.
1167
Calculate the highest common divisor of 415 and 45235.
415
Calculate the greatest common divisor of 17850 and 2210.
170
Calculate the greatest common divisor of 99 and 12762.
9
Calculate the greatest common divisor of 1592 and 148653.
199
Calculate the highest common divisor of 8883 and 756.
189
What is the greatest common factor of 1938 and 33402?
114
Calculate the greatest common factor of 520 and 2040610.
130
Calculate the greatest common factor of 1484 and 371212.
212
What is the highest common divisor of 83861 and 51?
17
What is the greatest common factor of 17280 and 216320?
640
Calculate the highest common divisor of 6923 and 151317.
989
Calculate the greatest common factor of 4 and 775.
1
Calculate the highest common factor of 4312 and 85844.
44
What is the greatest common divisor of 12816 and 6912?
144
Calculate the greatest common divisor of 4003028 and 292.
292
Calculate the greatest common divisor of 1188 and 120420.
108
Calculate the highest common divisor of 18 and 396054.
18
What is the highest common factor of 3584 and 504?
56
Calculate the highest common factor of 321350 and 850.
50
Calculate the greatest common divisor of 1794001 and 1705.
341
Calculate the highest common factor of 2548 and 39.
13
What is the greatest common factor of 49423 and 44?
11
Calculate the greatest common divisor of 2944 and 9522368.
1472
What is the highest common divisor of 5984 and 43472?
176
Calculate the highest common factor of 1320 and 1488.
24
What is the greatest common divisor of 42 and 10320?
6
Calculate the greatest common factor of 2313 and 18247.
257
What is the greatest common divisor of 2400 and 256?
32
What is the highest common factor of 1152 and 36576?
288
What is the highest common divisor of 15260 and 196?
28
Calculate the greatest common factor of 630035 and 35.
35
Calculate the greatest common divisor of 5304 and 14079.
39
Calculate the greatest common factor of 1055 and 4465.
5
Calculate the highest common divisor of 74442 and 7410.
114
Calculate the highest common divisor of 10089 and 1539.
171
Calculate the greatest common divisor of 265625 and 17.
17
What is the greatest common factor of 656066 and 2453?
223
Calculate the highest common factor of 196802 and 38.
38
What is the greatest common divisor of 8534 and 272?
34
What is the greatest common divisor of 944448 and 336?
48
Calculate the highest common factor of 2019250 and 2955.
985
What is the highest common divisor of 45552 and 546?
78
Calculate the greatest common factor of 429403 and 377.
377
What is the highest common divisor of 109540 and 4?
4
What is the highest common factor of 57 and 22667?
19
Calculate the highest common factor of 11669 and 497.
7
Calculate the highest common divisor of 156 and 48321.
39
What is the greatest common factor of 21888 and 1035?
9
What is the highest common divisor of 1018 and 2?
2
What is the highest common divisor of 139 and 102443?
139
Calculate the highest common divisor of 8 and 1813.
1
Calculate the greatest common divisor of 20654 and 1886.
46
What is the highest common divisor of 71730 and 23670?
90
What is the highest common divisor of 6295 and 85?
5
Calculate the highest common factor of 404584 and 88.
8
Calculate the highest common divisor of 4 and 4076.
4
Calculate the greatest common factor of 1932 and 1289932.
644
Calculate the greatest common divisor of 107817 and 3486.
249
What is the greatest common divisor of 337822 and 106?
106
Calculate the highest common divisor of 5070 and 1230.
30
Calculate the greatest common factor of 65115 and 1035.
45
Calculate the highest common factor of 1071 and 134001.
63
Calculate the highest common factor of 9706 and 736.
46
What is the highest common divisor of 477 and 3789?
9
Calculate the highest common factor of 268 and 333258.
134
Calculate the highest common divisor of 758898 and 532.
266
Calculate the highest common divisor of 1050 and 336.
42
What is the highest common factor of 5933 and 8027?
349
What is the greatest common factor of 156 and 82500?
12
What is the highest common factor of 56892 and 108?
12
Calculate the highest common divisor of 2538 and 154066.
94
What is the highest common divisor of 126 and 80374?
14
What is the highest common factor of 21465 and 265?
265
What is the highest common divisor of 3522 and 263563?
587
What is the greatest common factor of 252 and 408744?
252
Calculate the highest common factor of 10431018 and 13.
13
Calculate the highest common factor of 3 and 908.
1
Calculate the greatest common factor of 10 and 221495.
5
Calculate the greatest common factor of 231187 and 22.
11
What is the highest common factor of 1953 and 279?
279
What is the highest common divisor of 1424 and 4000?
16
What is the greatest common divisor of 29000 and 2500?
500
Calculate the greatest common divisor of 6525 and 1015.
145
What is the greatest common divisor of 22144 and 12110?
346
What is the greatest com